
Calculate the remainder when 3647871 is divided by 34413.
93
What is the remainder when 2885128 is divided by 344?
0
Calculate the remainder when 243232 is divided by 169.
41
Calculate the remainder when 575618 is divided by 35.
8
What is the remainder when 480800 is divided by 845?
840
What is the remainder when 63612 is divided by 63589?
23
What is the remainder when 7967396 is divided by 122?
64
Calculate the remainder when 134203 is divided by 945.
13
What is the remainder when 4112375 is divided by 1370677?
344
What is the remainder when 86689 is divided by 48?
1
Calculate the remainder when 1520155 is divided by 603.
595
What is the remainder when 42623576 is divided by 43?
41
What is the remainder when 89556 is divided by 17341?
2851
What is the remainder when 47067 is divided by 46535?
532
What is the remainder when 41547222 is divided by 122?
0
What is the remainder when 845316 is divided by 176?
164
Calculate the remainder when 63370 is divided by 4522.
62
Calculate the remainder when 1271810 is divided by 566.
8
Calculate the remainder when 317632 is divided by 1557.
4
Calculate the remainder when 1454155 is divided by 5845.
4595
What is the remainder when 164821 is divided by 54906?
103
What is the remainder when 92898 is divided by 45851?
1196
Calculate the remainder when 492750 is divided by 164207.
129
Calculate the remainder when 6803320 is divided by 113382.
400
What is the remainder when 19131866 is divided by 3046?
2986
What is the remainder when 557060 is divided by 27?
23
Calculate the remainder when 4826 is divided by 1995.
836
What is the remainder when 3195 is divided by 1267?
661
What is the remainder when 263929 is divided by 1313?
16
Calculate the remainder when 555095 is divided by 11403.
7751
Calculate the remainder when 4021213 is divided by 1766.
31
What is the remainder when 235691 is divided by 282?
221
Calculate the remainder when 34103756 is divided by 122.
120
What is the remainder when 167013 is divided by 295?
43
Calculate the remainder when 347675 is divided by 15802.
31
Calculate the remainder when 9541 is divided by 805.
686
What is the remainder when 299157 is divided by 6797?
89
What is the remainder when 87848654 is divided by 134?
130
What is the remainder when 357151 is divided by 178549?
53
Calculate the remainder when 100231 is divided by 11462.
8535
Calculate the remainder when 46675103 is divided by 4108.
7
What is the remainder when 33608729 is divided by 257?
68
Calculate the remainder when 2562558 is divided by 854183.
9
Calculate the remainder when 45671417 is divided by 178.
177
What is the remainder when 5051536 is divided by 80?
16
What is the remainder when 6171960 is divided by 191?
177
What is the remainder when 683538 is divided by 850?
138
What is the remainder when 21935475 is divided by 677?
675
Calculate the remainder when 2114263 is divided by 10678.
19
What is the remainder when 143422 is divided by 1641?
655
Calculate the remainder when 765872 is divided by 191424.
176
What is the remainder when 1863034 is divided by 68?
38
Calculate the remainder when 838806 is divided by 130.
46
Calculate the remainder when 41423687 is divided by 785.
22
Calculate the remainder when 95817 is divided by 32.
9
What is the remainder when 14694 is divided by 472?
62
What is the remainder when 14370713 is divided by 829?
827
Calculate the remainder when 260705 is divided by 557.
29
Calculate the remainder when 13365 is divided by 102.
3
What is the remainder when 752183 is divided by 825?
608
What is the remainder when 4352659 is divided by 170?
149
Calculate the remainder when 182575085 is divided by 334.
331
What is the remainder when 401670 is divided by 33471?
18
Calculate the remainder when 2645 is divided by 891.
863
Calculate the remainder when 24545 is divided by 5714.
1689
Calculate the remainder when 1510638 is divided by 115.
113
Calculate the remainder when 1349448 is divided by 245.
233
What is the remainder when 2160934 is divided by 442?
438
What is the remainder when 139209 is divided by 1087?
73
What is the remainder when 24010990 is divided by 382?
380
What is the remainder when 360267 is divided by 96?
75
What is the remainder when 28408432 is divided by 503?
501
Calculate the remainder when 398415 is divided by 99318.
1143
Calculate the remainder when 9275380 is divided by 1466.
1464
What is the remainder when 2473544 is divided by 2473443?
101
Calculate the remainder when 3907832 is divided by 1302515.
287
Calculate the remainder when 442241 is divided by 441462.
779
What is the remainder when 4029116 is divided by 12474?
14
What is the remainder when 19209825 is divided by 85?
80
Calculate the remainder when 1839124 is divided by 568.
508
What is the remainder when 189499695 is divided by 141735?
0
What is the remainder when 7094914 is divided by 3547425?
64
Calculate the remainder when 53967 is divided by 2567.
60
What is the remainder when 2008749 is divided by 251089?
37
What is the remainder when 324523 is divided by 46?
39
What is the remainder when 3932185 is divided by 46?
13
What is the remainder when 379850 is divided by 322?
212
Calculate the remainder when 2304966 is divided by 568.
22
Calculate the remainder when 1026027 is divided by 127.
121
Calculate the remainder when 10122177 is divided by 9.
3
What is the remainder when 189877 is divided by 711?
40
What is the remainder when 45975 is divided by 532?
223
What is the remainder when 1239270 is divided by 18?
6
Calculate the remainder when 1329171 is divided by 715.
701
Calculate the remainder when 9308024 is divided by 1393.
1391
What is the remainder when 126902 is divided by 62?
50
What is the remainder when 318190 is divided by 296?
286
What is the remainder when 918829 is divided by 54044?
81
What is the remainder when 178444541 is divided by 32?
29
What is the remainder when 4289425 is divided by 6308?
6293
What is the remainder when 32328069 is divided by 1469455?
59
What is the remainder when 479217 is divided by 536?
33
Calculate the remainder when 348045 is divided by 109.
8
What is the remainder when 3995267 is divided by 443847?
644
Calculate the remainder when 34880 is divided by 36.
32
Calculate the remainder when 1919868 is divided by 209.
203
Calculate the remainder when 226864 is divided by 342.
118
Calculate the remainder when 68344 is divided by 68078.
266
What is the remainder when 1023126 is divided by 564?
30
Calculate the remainder when 123940 is divided by 5484.
3292
Calculate the remainder when 7973206 is divided by 7222.
118
What is the remainder when 179862 is divided by 89676?
510
What is the remainder when 15238 is divided by 2958?
448
What is the remainder when 23691809 is divided by 224?
1
Calculate the remainder when 48604 is divided by 15154.
3142
Calculate the remainder when 1414299 is divided by 790.
199
What is the remainder when 45893 is divided by 2905?
2318
What is the remainder when 3306619 is divided by 296?
3
What is the remainder when 209906 is divided by 16146?
8
What is the remainder when 56769457 is divided by 706?
703
What is the remainder when 2382547 is divided by 794153?
88
Calculate the remainder when 277071624 is divided by 1297.
1296
What is the remainder when 1259506 is divided by 796?
234
Calculate the remainder when 35726 is divided by 17614.
498
What is the remainder when 408664 is divided by 318?
34
What is the remainder when 3167085 is divided by 150813?
12
Calculate the remainder when 846330 is divided by 298.
10
Calculate the remainder when 470691 is divided by 9305.
5441
Calculate the remainder when 827487 is divided by 3491.
120
What is the remainder when 141207 is divided by 899?
64
What is the remainder when 3092743 is divided by 11?
5
What is the remainder when 643212675 is divided by 220?
215
Calculate the remainder when 6105334 is divided by 2128.
102
Calculate the remainder when 74879517 is divided by 1821.
1818
Calculate the remainder when 176709623 is divided by 24.
23
Calculate the remainder when 2568861 is divided by 54.
27
What is the remainder when 868100 is divided by 259?
191
What is the remainder when 467558 is divided by 2078?
8
Calculate the remainder when 6095084 is divided by 2031692.
8
What is the remainder when 40293 is di